e thousands digit of 115064441?
4
What is the hundred thousands digit of 776602?
7
What is the units digit of 119848079?
9
What is the tens digit of 7413672?
7
What is the ten thousands digit of 15790416?
9
What is the hundred millions digit of 314089183?
3
What is the hundreds digit of 32289768?
7
What is the hundred thousands digit of 21486795?
4
What is the ten thousands digit of 24539508?
3
What is the ten thousands digit of 619651688?
5
What is the ten thousands digit of 404737648?
3
What is the billions digit of 6529579807?
6
What is the millions digit of 247927335?
7
What is the billions digit of 1652163800?
1
What is the tens digit of 1829846455?
5
What is the hundreds digit of 25086994?
9
What is the hundreds digit of 37343921?
9
What is the hundred thousands digit of 281985348?
9
What is the hundred thousands digit of 7593635?
5
What is the hundreds digit of 1303326265?
2
What is the ten millions digit of 223833321?
2
What is the ten millions digit of 20949092?
2
What is the ten millions digit of 109047319?
0
What is the millions digit of 213308245?
3
What is the hundreds digit of 249565722?
7
What is the hundred thousands digit of 222556292?
5
What is the hundred thousands digit of 24840928?
8
What is the ten millions digit of 29216088?
2
What is the units digit of 124517840?
0
What is the millions digit of 68017719?
8
What is the hundred thousands digit of 117976629?
9
What is the thousands digit of 3105117?
5
What is the hundred millions digit of 1060916488?
0
What is the hundred millions digit of 2886464593?
8
What is the units digit of 343636466?
6
What is the hundreds digit of 19517470?
4
What is the hundred thousands digit of 96612628?
6
What is the tens digit of 3042814426?
2
What is the hundred thousands digit of 20446627?
4
What is the hundred millions digit of 1965242809?
9
What is the ten thousands digit of 430217572?
1
What is the tens digit of 66926233?
3
What is the hundreds digit of 68484652?
6
What is the ten thousands digit of 1861418791?
1
What is the hundreds digit of 587235272?
2
What is the hundreds digit of 723665093?
0
What is the ten millions digit of 41328275?
4
What is the hundred thousands digit of 220808061?
8
What is the ten millions digit of 94221256?
9
What is the hundred thousands digit of 3824678953?
6
What is the thousands digit of 191801540?
1
What is the hundred thousands digit of 423329811?
3
What is the ten thousands digit of 24210822?
1
What is the units digit of 907054683?
3
What is the thousands digit of 206996809?
6
What is the thousands digit of 10641416?
1
What is the thousands digit of 1061449071?
9
What is the thousands digit of 404500495?
0
What is the tens digit of 2296899757?
5
What is the hundreds digit of 610669588?
5
What is the units digit of 36969253?
3
What is the tens digit of 83788662?
6
What is the billions digit of 1030921064?
1
What is the thousands digit of 2564858458?
8
What is the ten millions digit of 220889698?
2
What is the units digit of 1357349963?
3
What is the billions digit of 3814025980?
3
What is the tens digit of 191470306?
0
What is the hundred thousands digit of 11044825?
0
What is the ten millions digit of 2047166700?
4
What is the units digit of 2348667140?
0
What is the ten millions digit of 667960208?
6
What is the thousands digit of 329463744?
3
What is the tens digit of 352377231?
3
What is the tens digit of 1067449089?
8
What is the ten millions digit of 179806876?
7
What is the units digit of 36975357?
7
What is the millions digit of 63029879?
3
What is the ten millions digit of 437715159?
3
What is the millions digit of 5344618272?
4
What is the units digit of 7937790838?
8
What is the ten millions digit of 44450302?
4
What is the hundred millions digit of 327591500?
3
What is the ten thousands digit of 1001570926?
7
What is the hundred millions digit of 225426146?
2
What is the millions digit of 19635457?
9
What is the billions digit of 1318731713?
1
What is the hundreds digit of 2732538837?
8
What is the thousands digit of 644963626?
3
What is the hundred millions digit of 133451834?
1
What is the hundreds digit of 5603945?
9
What is the hundred thousands digit of 459355286?
3
What is the ten thousands digit of 88290229?
9
What is the millions digit of 286868100?
6
What is the thousands digit of 236777399?
7
What is the units digit of 260937552?
2
What is the billions digit of 2153140904?
2
What is the hundred millions digit of 444139519?
4
What is the hundred thousands digit of 866258335?
2
What is the hundreds digit of 7316715?
7
What is the hundred thousands digit of 2357973850?
9
What is the ten millions digit of 3779222411?
7
What is the thousands digit of 59702953?
2
What is the thousands digit of 78820814?
0
What is the ten millions digit of 237592406?
3
What is the hundreds digit of 642544912?
9
What is the units digit of 27604126?
6
What is the ten thousands digit of 24150343?
5
What is the hundreds digit of 155944765?
7
What is the tens digit of 1259428071?
7
What is the hundreds digit of 1021202234?
2
What is the hundreds digit of 193123882?
8
What is the tens digit of 249666306?
0
What is the units digit of 34447450?
0
What is the ten millions digit of 54037652?
5
What is the thousands digit of 38563713?
3
What is the ten thousands digit of 134537715?
3
What is the hundreds digit of 212837168?
1
What is the billions digit of 4508918347?
4
What is the units digit of 2524729390?
0
What is the hundred thousands digit of 5790289?
7
What is the ten thousands digit of 100377010?
7
What is the hundreds digit of 2673468293?
2
What is the tens digit of 1393713824?
2
What is the tens digit of 264713032?
3
What is the ten thousands digit of 270213621?
1
What is the hundred thousands digit of 5588393021?
3
What is the ten thousands digit of 1134836520?
3
What is the units digit of 74981574?
4
What is the millions digit of 34549578?
4
What is the hundreds digit of 4541927826?
8
What is the thousands digit of 369145825?
5
What is the hundreds digit of 914556879?
8
What is the billions digit of 4878208482?
4
What is the tens digit of 3533869265?
6
What is the hundred thousands digit of 117190522?
1
What is the ten millions digit of 66947485?
6
What is the millions digit of 1596378497?
6
What is the hundreds digit of 17423604?
6
What is the hundreds digit of 295105718?
7
What is the hundred millions digit of 122326158?
1
What is the hundreds digit of 21101148?
1
What is the hundred thousands digit of 1235127022?
1
What is the millions digit of 64210896?
4
What is the hundred millions digit of 466670682?
4
What is the thousands digit of 137598076?
8
What is the ten thousands digit of 46585326?
8
What is the ten thousands digit of 906782138?
8
What is the millions digit of 12367025?
2
What is the ten millions digit of 24656657?
2
What is the hundred thousands digit of 2739880?
7
What is the units digit of 3516358991?
1
What is the hundreds digit of 1281707657?
6
What is the hundreds digit of 3351992946?
9
What is the millions digit of 155698029?
5
What is the hundred millions digit of 664483244?
6
What is the thousands digit of 10377960?
7
What is the hundred millions digit of 210298665?
2
What is the thousands digit of 123586700?
6
What is the ten millions digit of 311837455?
1
What is the units digit of 16476144?
4
What is the hundred thousands digit of 32811850?
8
What is the thousands digit of 480327065?
7
What is the ten thousands digit of 122908619?
0
What is the ten thousands digit of 84347490?
4
What is the hundred thousands digit of 30226224?
2
What is the units digit of 4609782?
2
What is the hundred millions digit of 548349749?
5
What is the thousands digit of 1242583?
2
What is the units digit of 112262515?
5
What is the millions digit of 71343669?
1
What is the hundreds digit of 290684589?
5
What is the tens digit of 599513101?
0
What is the ten thousands digit of 134353292?
5
What is the thousands digit of 468785887?
5
What is the hundred millions digit of 387756637?
3
What is the millions digit of 2918676?
2
What is the ten millions digit of 87293701?
8
What is the units digit of 746389511?
1
What is the ten millions digit of 2654549449?
5
What is the hundred thousands digit of 1429756832?
7
What is the thousands digit of 189833535?
